 greatest common divisor of 15105 and 843495.
795
Calculate the highest common factor of 804807 and 174609.
2007
What is the greatest common divisor of 818955 and 16740?
45
Calculate the highest common factor of 5744 and 12100096.
16
What is the greatest common divisor of 69196591 and 16025?
641
What is the greatest common factor of 54 and 44659053?
27
What is the highest common factor of 9232 and 1936?
16
What is the greatest common divisor of 825 and 80750725?
275
Calculate the highest common factor of 301 and 690224003.
301
What is the highest common factor of 5025584 and 2900?
116
What is the highest common factor of 11146177 and 49?
49
Calculate the greatest common factor of 132 and 170199425.
11
Calculate the highest common factor of 9229 and 64669.
11
Calculate the greatest common factor of 19149 and 156117.
39
Calculate the greatest common factor of 8932343 and 56.
7
What is the highest common divisor of 26511296 and 5440?
1088
Calculate the highest common divisor of 8246 and 114669.
31
What is the highest common factor of 3356 and 116303858?
1678
Calculate the greatest common divisor of 1002 and 13397074.
334
Calculate the highest common factor of 40 and 353156.
4
Calculate the greatest common divisor of 1192980840 and 10188.
3396
What is the highest common factor of 74633 and 41817444?
5741
What is the highest common factor of 332825166 and 684?
342
Calculate the highest common divisor of 99545392 and 80.
16
What is the greatest common divisor of 1904309 and 674069?
2563
What is the highest common factor of 3589 and 748646?
97
What is the highest common factor of 25235 and 289430?
515
What is the greatest common divisor of 100 and 600508?
4
Calculate the greatest common divisor of 1729167 and 24156.
2013
What is the greatest common divisor of 8909978 and 132?
22
Calculate the greatest common factor of 10 and 269759950.
10
What is the greatest common factor of 20746124 and 42742?
602
What is the greatest common factor of 1850 and 114451175?
925
Calculate the highest common divisor of 6900515 and 77615.
1805
What is the highest common factor of 16517912 and 268?
268
Calculate the highest common factor of 195621 and 15888.
993
Calculate the greatest common factor of 196 and 11565484.
28
Calculate the greatest common factor of 47167806 and 5835.
1167
What is the highest common divisor of 478340126 and 3586?
3586
Calculate the greatest common factor of 173 and 100851561.
173
What is the highest common factor of 1920 and 5013090?
30
Calculate the highest common divisor of 159 and 1976937.
3
Calculate the greatest common divisor of 1058494 and 21038.
314
What is the greatest common divisor of 9890 and 85583?
23
Calculate the greatest common factor of 2325288 and 483.
21
Calculate the highest common factor of 10765686 and 5067.
1689
Calculate the greatest common divisor of 190460 and 30320.
20
Calculate the highest common divisor of 5336 and 87054839.
667
Calculate the greatest common divisor of 7742 and 5308642.
158
Calculate the highest common factor of 501 and 12169457.
167
Calculate the greatest common factor of 19180 and 24640.
140
What is the greatest common factor of 1184148 and 3136?
28
Calculate the highest common divisor of 157743 and 801.
9
Calculate the highest common divisor of 77 and 2369563.
7
What is the highest common divisor of 30325 and 1295484?
1213
What is the greatest common factor of 609465 and 23247?
123
Calculate the highest common factor of 115858713 and 171.
57
Calculate the highest common factor of 29715234 and 876.
438
What is the highest common factor of 66744804 and 3860?
772
What is the highest common factor of 5908969 and 210683?
1969
What is the highest common divisor of 298791 and 78?
3
What is the highest common factor of 290 and 175951004?
58
Calculate the highest common divisor of 3818092 and 3128.
92
Calculate the highest common factor of 153685 and 84980.
35
What is the greatest common factor of 245 and 254890?
5
What is the greatest common factor of 24 and 6790280?
8
Calculate the greatest common factor of 674 and 4732828.
674
What is the highest common factor of 75 and 171051675?
75
What is the highest common divisor of 5812296 and 44457?
609
What is the greatest common factor of 752 and 38352752?
752
What is the highest common factor of 181045 and 205?
5
Calculate the highest common divisor of 12616 and 2504010.
38
What is the highest common factor of 5731 and 105930?
11
Calculate the greatest common factor of 475 and 4298275.
475
Calculate the greatest common factor of 233611 and 264523.
161
What is the greatest common factor of 96 and 52944608?
32
Calculate the highest common factor of 104457216 and 1332.
444
Calculate the highest common factor of 1065330 and 10876512.
10146
Calculate the highest common factor of 90631576 and 8.
8
Calculate the highest common factor of 29755683 and 120411.
7083
Calculate the highest common divisor of 272496 and 36834.
42
What is the greatest common divisor of 19576445 and 5690?
2845
Calculate the greatest common divisor of 2211 and 98819439.
201
What is the greatest common factor of 986 and 1503012?
58
What is the greatest common factor of 1558 and 5944?
2
What is the greatest common factor of 46670562 and 36?
18
Calculate the greatest common divisor of 3998193 and 2241.
249
What is the highest common factor of 78 and 119978157?
39
Calculate the greatest common factor of 1452 and 3474999.
363
What is the greatest common divisor of 296 and 67073452?
148
What is the greatest common divisor of 3099 and 8862107?
1033
Calculate the greatest common factor of 558 and 1377774.
18
What is the highest common divisor of 161696770 and 645?
215
Calculate the greatest common divisor of 1247 and 68545879.
29
Calculate the highest common divisor of 12828585 and 3190.
1595
What is the highest common factor of 18 and 2145507993?
9
What is the greatest common divisor of 7210836 and 1432?
716
Calculate the highest common factor of 6483 and 409695346.
2161
Calculate the highest common divisor of 2145 and 6815380.
715
What is the greatest common divisor of 170125 and 172847?
1361
Calculate the greatest common divisor of 34036646 and 14.
14
What is the highest common divisor of 77801724 and 1428?
1428
Calculate the highest common factor of 7239 and 2072988996.
7239
What is the greatest common divisor of 4 and 558350708?
4
What is the highest common divisor of 286937585 and 940?
235
Calculate the highest common divisor of 1664 and 14638.
26
What is the highest common factor of 936 and 41771457?
117
Calculate the greatest common divisor of 276 and 7948.
4
What is the greatest common divisor of 2885520 and 177066?
6558
What is the greatest common divisor of 53530 and 2513890?
1010
What is the greatest common divisor of 415191 and 141015?
357
What is the greatest common divisor of 24 and 46250832?
24
What is the greatest common factor of 21237888 and 420?
84
Calculate the highest common factor of 46059 and 70161.
39
What is the highest common factor of 2312 and 1357668824?
2312
What is the highest common divisor of 225570 and 12795?
15
Calculate the highest common factor of 49552641 and 246.
123
Calculate the highest common divisor of 4604 and 6116414.
2302
Calculate the highest common divisor of 288 and 34769214.
18
What is the highest common factor of 651659394 and 83?
83
What is the greatest common factor of 52635792 and 1056?
528
Calculate the greatest common divisor of 1760 and 18336010.
110
Calculate the greatest common divisor of 134325 and 299925.
225
Calculate the highest common divisor of 1272179 and 395140.
859
Calculate the greatest common divisor of 4497614 and 88.
22
What is the greatest common divisor of 1624306522 and 904?
226
What is the highest common divisor of 233101 and 407?
11
What is the highest common divisor of 6508326 and 1716?
66
What is the greatest common factor of 67355975 and 25?
25
Calculate the greatest common factor of 68 and 202477480.
68
Calculate the greatest common factor of 1223908138 and 410.
82
What is the greatest common factor of 59 and 133295219?
59
What is the greatest common divisor of 15 and 87991515?
15
What is the greatest common divisor of 22071 and 10806?
3
What is the greatest common factor of 218467 and 9806399?
3077
What is the high